{"id":90,"date":"2017-01-14T01:36:26","date_gmt":"2017-01-14T00:36:26","guid":{"rendered":"http:\/\/fahrschulebanane.de\/?page_id=90"},"modified":"2026-04-27T15:55:03","modified_gmt":"2026-04-27T14:55:03","slug":"aktuelles","status":"publish","type":"page","link":"http:\/\/fahrschulebanane.de\/?page_id=90","title":{"rendered":"Aktuelles"},"content":{"rendered":"\n<p>Aprilkurs ausgebucht, Maikurs ausgebucht,  Junikurs noch Pl\u00e4tze frei<\/p>\n\n\n\n<p><strong>Auf Wunsch f\u00e4hrst du bei uns auch voll elektrisch.<\/strong><\/p>\n\n\n\n<p>Wenn du dich schon <strong><span class=\"has-inline-color has-vivid-red-color\">sicher<\/span><\/strong> f\u00fcr unsere Fahrschule entschieden hast und dich anmelden m\u00f6chtest, geh einfach auf die Seite <strong>Kontakt &amp; Onlineanmeldung<\/strong>, oder besuche uns im B\u00fcro.<\/p>\n","protected":false},"excerpt":{"rendered":"<p>Aprilkurs ausgebucht, Maikurs ausgebucht, Junikurs noch Pl\u00e4tze frei Auf Wunsch f\u00e4hrst du bei uns auch voll elektrisch. Wenn du dich schon sicher f\u00fcr unsere Fahrschule entschieden hast und dich anmelden m\u00f6chtest, geh einfach auf die Seite Kontakt &amp; Onlineanmeldung, oder <a class=\"more-link\" href=\"http:\/\/fahrschulebanane.de\/?page_id=90\">weiterlesen  <span class=\"screen-reader-text\">  Aktuelles<\/span><span class=\"meta-nav\">&rarr;<\/span><\/a><\/p>\n","protected":false},"author":1,"featured_media":0,"parent":0,"menu_order":1,"comment_status":"closed","ping_status":"closed","template":"","meta":[],"_links":{"self":[{"href":"http:\/\/fahrschulebanane.de\/index.php?rest_route=\/wp\/v2\/pages\/90"}],"collection":[{"href":"http:\/\/fahrschulebanane.de\/index.php?rest_route=\/wp\/v2\/pages"}],"about":[{"href":"http:\/\/fahrschulebanane.de\/index.php?rest_route=\/wp\/v2\/types\/page"}],"author":[{"embeddable":true,"href":"http:\/\/fahrschulebanane.de\/index.php?rest_route=\/wp\/v2\/users\/1"}],"replies":[{"embeddable":true,"href":"http:\/\/fahrschulebanane.de\/index.php?rest_route=%2Fwp%2Fv2%2Fcomments&post=90"}],"version-history":[{"count":130,"href":"http:\/\/fahrschulebanane.de\/index.php?rest_route=\/wp\/v2\/pages\/90\/revisions"}],"predecessor-version":[{"id":1124,"href":"http:\/\/fahrschulebanane.de\/index.php?rest_route=\/wp\/v2\/pages\/90\/revisions\/1124"}],"wp:attachment":[{"href":"http:\/\/fahrschulebanane.de\/index.php?rest_route=%2Fwp%2Fv2%2Fmedia&parent=90"}],"curies":[{"name":"wp","href":"https:\/\/api.w.org\/{rel}","templated":true}]}}