{"id":121,"date":"2017-01-14T02:53:59","date_gmt":"2017-01-14T01:53:59","guid":{"rendered":"http:\/\/fahrschulebanane.de\/?page_id=121"},"modified":"2024-03-09T16:00:12","modified_gmt":"2024-03-09T15:00:12","slug":"links","status":"publish","type":"page","link":"https:\/\/fahrschulebanane.de\/?page_id=121","title":{"rendered":"Links"},"content":{"rendered":"\n<div class=\"wp-block-group\"><div class=\"wp-block-group__inner-container\">\n<p><a href=\"http:\/\/www.kba.de\/DE\/Home\/home_node.html\" target=\"_blank\" rel=\"noopener\"><img loading=\"lazy\" class=\"alignleft wp-image-147 \" src=\"http:\/\/fahrschulebanane.de\/wp-content\/uploads\/2017\/01\/neu_kba_logo_adler6bx0.gif\" width=\"100\" height=\"65\" \/><\/a><a href=\"http:\/\/ah-hecht.de\/index.php?id=2\" target=\"_blank\" rel=\"noopener\"><img loading=\"lazy\" class=\"alignleft wp-image-136\" src=\"http:\/\/fahrschulebanane.de\/wp-content\/uploads\/2017\/01\/Renault_Logo_Neu_Klein-300x300.jpg\" width=\"120\" height=\"120\" srcset=\"https:\/\/fahrschulebanane.de\/wp-content\/uploads\/2017\/01\/Renault_Logo_Neu_Klein-300x300.jpg 300w, https:\/\/fahrschulebanane.de\/wp-content\/uploads\/2017\/01\/Renault_Logo_Neu_Klein-150x150.jpg 150w, https:\/\/fahrschulebanane.de\/wp-content\/uploads\/2017\/01\/Renault_Logo_Neu_Klein.jpg 600w\" sizes=\"(max-width: 120px) 100vw, 120px\" \/><\/a><\/p>\n<p>\u00a0<\/p>\n<p>\u00a0<\/p>\n<p><iframe title=\"Zahlung der amtlichen Pr\u00fcfungsgeb\u00fchren f\u00fcr Ihre theoretische und praktische Fahrerlaubnispr\u00fcfung\" width=\"530\" height=\"298\" src=\"https:\/\/www.youtube.com\/embed\/jZ5c_1yq2Us?feature=oembed\" frameborder=\"0\" allow=\"accelerometer; autoplay; clipboard-write; encrypted-media; gyroscope; picture-in-picture\" allowfullscreen><\/iframe><\/p>\n<p>\u00a0<\/p>\n<p>Die ver\u00f6ffentlichten Links wurden mit gr\u00f6\u00dftm\u00f6glicher Sorgfalt recherchiert und zusammengestellt. Der Seitenbetreiber hat keinen Einfluss auf die aktuelle und zuk\u00fcnftige Gestaltung und die Inhalte der verlinkten Seiten. Der Seitenbetreiber ist nicht f\u00fcr den Inhalt der verkn\u00fcpften Seiten verantwortlich und macht sich den Inhalt nicht zu Eigen. F\u00fcr illegale, fehlerhafte oder unvollst\u00e4ndige Inhalte sowie f\u00fcr Sch\u00e4den, die durch die Nutzung oder Nichtnutzung der Informationen entstehen, haftet allein der Anbieter der Webseite, auf die verwiesen wurde. Die Haftung desjenigen, der nur durch einen Link auf die Ver\u00f6ffentlichung hinweist, ist ausgeschlossen. F\u00fcr fremde Hinweise ist der Seitenbetreiber nur dann verantwortlich, wenn er von ihnen, also auch von einem eventuellen rechtswidrigen oder strafbaren Inhalt, positive Kenntnis hat und es technisch m\u00f6glich und zumutbar ist, deren Nutzung zu verhindern.<\/p>\n<\/div><\/div>\n","protected":false},"excerpt":{"rendered":"","protected":false},"author":1,"featured_media":0,"parent":0,"menu_order":7,"comment_status":"closed","ping_status":"closed","template":"","meta":[],"_links":{"self":[{"href":"https:\/\/fahrschulebanane.de\/index.php?rest_route=\/wp\/v2\/pages\/121"}],"collection":[{"href":"https:\/\/fahrschulebanane.de\/index.php?rest_route=\/wp\/v2\/pages"}],"about":[{"href":"https:\/\/fahrschulebanane.de\/index.php?rest_route=\/wp\/v2\/types\/page"}],"author":[{"embeddable":true,"href":"https:\/\/fahrschulebanane.de\/index.php?rest_route=\/wp\/v2\/users\/1"}],"replies":[{"embeddable":true,"href":"https:\/\/fahrschulebanane.de\/index.php?rest_route=%2Fwp%2Fv2%2Fcomments&post=121"}],"version-history":[{"count":29,"href":"https:\/\/fahrschulebanane.de\/index.php?rest_route=\/wp\/v2\/pages\/121\/revisions"}],"predecessor-version":[{"id":836,"href":"https:\/\/fahrschulebanane.de\/index.php?rest_route=\/wp\/v2\/pages\/121\/revisions\/836"}],"wp:attachment":[{"href":"https:\/\/fahrschulebanane.de\/index.php?rest_route=%2Fwp%2Fv2%2Fmedia&parent=121"}],"curies":[{"name":"wp","href":"https:\/\/api.w.org\/{rel}","templated":true}]}}